. Let u = 16 + f. Calculate the remainder when 18 is divided by u.
5
Let c(l) = 92*l - 1. What is the remainder when c(1) is divided by 45/(9 - 24) + 1 + 25?
22
Calculate the remainder when 1376/(-3)*(9/6 - 3) is divided by 23.
21
Suppose -18*b + 14*b + 56 = 0. Suppose -k = 2*k - 120. Calculate the remainder when k is divided by b.
12
Let k = -92 + 171. Calculate the remainder when k is divided by 31.
17
Let y(c) = -c**2 - 47*c - 503. Calculate the remainder when 25 is divided by y(-30).
4
Let p = -8 - -120. Suppose 0 = -2*g + 4*g - 38. What is the remainder when p is divided by g?
17
Let n(q) = 14*q**2 + q - 1. Let o be n(1). Let p = -2 + o. What is the remainder when 23 is divided by p?
11
Suppose 0 = 16*k + 16 - 96. Suppose 0 = q + 5*j - j - 69, 5*q = -k*j + 360. Let t = -23 - -49. Calculate the remainder when q is divided by t.
21
Let o be 17 + (-4 - (-1 - 4))*4. Let f be 12*-2*6/(-16). Suppose -3*u + a + a = -o, 3*a - f = 0. What is the remainder when 25 is divided by u?
7
Let u = 363 + -357. Calculate the remainder when 69 is divided by u.
3
Suppose 14 = 2*f - 4*g, 0*f = f + 4*g - 1. Let a = -10 - -8. Let w = a + f. Calculate the remainder when 11 is divided by w.
2
Let l(i) be the second derivative of -i**3/6 + 3*i**2/2 + 191*i. Let g(y) = y**3 - 5*y**2 - 7. Let f be g(5). What is the remainder when 18 is divided by l(f)?
8
Let p(s) = -s**3 + 10*s**2 - 2*s + 5. Let w be p(9). Suppose -3*q + w - 8 = 0. Calculate the remainder when 117 is divided by q.
17
Let q(b) = 22*b**2 + 6*b + 3. Let l be q(-2). Let t = l + -49. What is the remainder when -1 - (-2)/((-2)/(-119)) is divided by t?
28
Suppose 5*q - 26 = -4*a + 67, 2*a + 64 = 4*q. Let s be (-2912)/(-6)*(-42)/(-28). What is the remainder when q is divided by ((-16)/9 - -2) + s/126?
5
Suppose 3*m = 3*t - 236 - 121, 5*t + 3*m - 571 = 0. Calculate the remainder when t is divided by 20.
16
Let t(m) = -14*m - 4. Let g be t(-2). What is the remainder when 31 is divided by (2 + -1)/(g/408)?
14
Let r(h) = -h**3 + 2*h**2 + h + 1. Let a be r(2). Suppose a*v = 7 + 2. Suppose -4*y = v*f - 281, 0 = 2*f + 1 + 1. What is the remainder when y is divided by 18?
17
Let s(n) = -n**3 - 10*n**2 + 9*n - 16. Let u be s(-11). Calculate the remainder when u/4 - (-132)/8 is divided by 11.
7
Calculate the remainder when 212 is divided by 18/126 + 292/14.
2
Suppose 12*c = 18*c - 78. Calculate the remainder when 114 is divided by c.
10
Suppose 0 = 2*a - 57 - 7. Let u(h) = -17*h - 5. Calculate the remainder when u(-4) is divided by a.
31
Suppose -21 = -2*y + 3*q - 0*q, 5*y = 2*q + 47. Let s = 21 - y. What is the remainder when s is divided by 4?
0
Let r(n) = 2*n - 11. Let x(p) = -2*p + 12. Let u(a) = 6*r(a) + 7*x(a). Let v be u(11). Calculate the remainder when 20 is divided by 4 + (2 - -5) + v.
6
Let n(v) = -34*v - 3. Let d(g) = -g**3 + 17*g**2 - 30*g + 25. What is the remainder when n(-3) is divided by d(15)?
24
Let p = -4 + 6. Suppose 0 = 5*a - 3*a - y - 51, 0 = -3*a + 2*y + 76. Suppose 4*r = p*r + a. What is the remainder when 25 is divided by r?
12
Let i = -23 - -38. Suppose 142 = -13*o + i*o. What is the remainder when o is divided by (-1)/(((-11)/12)/11)?
11
Let z = 49 + -15. Let f = 57 - z. Calculate the remainder when 45 is divided by f.
22
Let u(p) = 22*p + 2. Let c be u(1). Let r = c + 5. Let z = r - 20. Calculate the remainder when 33 is divided by z.
6
Suppose 4*i - 339 = -2*a - a, 251 = 3*i - a. What is the remainder when i is divided by 16?
4
Let s(x) = -48*x - 4. Let m be s(1). Let t = m - -86. Suppose 0*c - 24 = -2*c. What is the remainder when t is divided by c?
10
Suppose 0 = 12*a - 2*a - 410. What is the remainder when a is divided by 21?
20
Let t be (-1)/(-4 - 561/(-141)). Suppose 1 = 3*d - t. What is the remainder when 58 is divided by d?
10
Let j = -5 + -7. Let v = j - -111. Suppose 0 = 4*r - 20 - 80. What is the remainder when v is divided by r?
24
Let n(o) = 1 + 0 - 2 + o + 0. Let y be n(-6). Let l(k) = -k**2 - 10*k - 9. What is the remainder when 34 is divided by l(y)?
10
Let o(j) = 2*j**3 - 50*j**2 - j + 40. Let w(b) = 43*b**2 - 1. Calculate the remainder when w(1) is divided by o(25).
12
Calculate the remainder when 101 is divided by ((0 - 1)/(9/(-261)))/1.
14
Let p = 162 - 146. Suppose 0 = -b + 3*v - 0*v + 81, 4*b = -3*v + 399. Suppose 4*m - b = -4*d, 4*m = -18 - 2. What is the remainder when d is divided by p?
13
Suppose 4*p = -z - 290, -4*p + 6*z - 2*z = 280. Let y = -56 - p. What is the remainder when 44 is divided by y?
12
Suppose 2 = -7*i + 8*i. Suppose -88 = -3*o + 4*a - i, -2*o + 3*a + 58 = 0. Suppose 5*g - 269 - 111 = 0. What is the remainder when g is divided by o?
24
Let z = -805 + 826. What is the remainder when 229 is divided by z?
19
Let j(u) = 3*u + 20. Calculate the remainder when 310 is divided by j(2).
24
Suppose -6*k - 11 + 299 = 0. Calculate the remainder when k is divided by 17.
14
Let q = -4 - -7. Suppose f + q*f = 292. What is the remainder when f is divided by 15?
13
Let r = 58 - 20. Suppose -4*w = -l - 1, 2*l + l - 10 = -w. Suppose l*b = 3*t - 24 + 87, t + 41 = 2*b. Calculate the remainder when r is divided by b.
18
Suppose 56 = -y + 5*y. Suppose 0 = -2*a + 12 - 110. Let q = 74 + a. What is the remainder when q is divided by y?
11
Let n(w) = 8*w**2 - 2*w - 2. Suppose 12*x + 9 = 15*x. Suppose -2*i - y + 27 = 0, 0 = -5*i + x*y + 56 - 5. What is the remainder when n(-2) is divided by i?
10
Let c = 712 - 650. What is the remainder when 1484 is divided by c?
58
Suppose 4*u = -z + u - 61, -u - 183 = 3*z. Let r = z - -99. What is the remainder when r is divided by 13?
12
Let j(v) = v + 2. Suppose 2*i = 64 + 8. Suppose 4*n - i = 2*c, 0 = 3*c + c + 8. Calculate the remainder when 29 is divided by j(n).
9
Suppose 50 = -y + 3*y + 5*x, 0 = -4*y - 3*x + 128. What is the remainder when 90 is divided by y?
20
What is the remainder when 6/4*4/(-3) + 22 is divided by 11?
9
Let h(g) = g - 4. Let a be h(-24). Calculate the remainder when 22 is divided by (-4)/14 - 400/a.
8
Let g be 3/(-3) - -1*4. Suppose -22 = h - g*h. Calculate the remainder when 2 - (23*(-2 + 1) - -4) is divided by h.
10
Let i be (0 - (3 + -1))/(10/25). Let p(s) = s**2 + s + 7. Calculate the remainder when 51 is divided by p(i).
24
Let v be 2 + 238 + (11 - 15). Let k = v - 162. Calculate the remainder when k is divided by 270/14 + (-2)/7.
17
Suppose 1 = 2*r - 3. Let q = -2 - 1. Let a(h) = -2*h - 2. Calculate the remainder when a(q) is divided by r.
0
Let g(b) = -2*b**2 + 40*b + 37. Let s(l) = -4*l + 3. What is the remainder when g(19) is divided by s(-4)?
18
Let d = -150 - -151. Let p(z) = 48*z**3 + z**2 + 4*z - 5. What is the remainder when 239 is divided by p(d)?
47
Let h(z) = -z**2 + 13*z + 333. Calculate the remainder when 106 is divided by h(25).
7
Let x be 124*(20/8 + -2). Suppose 4*f - x - 1134 = 0. Suppose -5*d - 4*u + f = 0, -5*d - u + 294 = -2*u. Calculate the remainder when d is divided by 20.
19
Suppose 3*j - 100 = -i, -8*i + j = -4*i - 413. Calculate the remainder when 300 is divided by i.
94
Let z = 16 - -6. Calculate the remainder when 61 is divided by z.
17
Let j be 16/(-20) + 398/10. Suppose 22*c - 19*c - j = 0. What is the remainder when 103 is divided by c?
12
Suppose 5*o = 7 + 78. What is the remainder when ((38/(-12))/(-19))/((-6 + 0)/(-2196)) is divided by o?
10
Let a(d) = 3*d**2 + 9*d - 104. Let g be 3*-121*-1*1. Suppose -g = -5*n - 48. What is the remainder when n is divided by a(5)?
15
What is the remainder when 39/(-4)*(27 - 31) is divided by 8?
7
Suppose 162 = -3*m - 2*w, -5*w - 275 = 5*m - 0*w. Let p = m + 56. What is the remainder when 14 is divided by p?
2
Let h = -31 + 41. What is the remainder when 198 is divided by h?
8
Suppose 4*i = 4*b + 32, -2*i = -3*b - 18 - 1. Suppose i*t - 65 = 40. Let h = 38 - t. What is the remainder when h is divided by 6?
5
Suppose -8*c - 4*h + 28 = -4*c, 0 = 4*c + 3*h - 27. Let m(w) = w**3 - 4*w**2 - 7*w - 10. Calculate the remainder when 91 is divided by m(c).
11
Let y(g) = g + 5. Let s be y(-4). Let m = 12 + 18. Suppose -5*c + k = -77, c - s = -5*k + m. What is the remainder when 47 is divided by c?
15
Let w be 15/(-6)*(-254)/5. Suppose 0 = -d + 105 + w. Suppose 4*v - 223 = -4*b + 9, -5*v - d = -4*b. What is the remainder when b is divided by 15?
13